
Calculate the greatest common factor of 588 and 12.
12
Calculate the greatest common factor of 1034 and 22.
22
What is the highest common factor of 1250 and 50?
50
Calculate the highest common divisor of 56 and 512.
8
Calculate the greatest common divisor of 1918 and 14.
14
What is the greatest common factor of 12753 and 545?
109
What is the highest common divisor of 1705 and 1045?
55
Calculate the highest common divisor of 180 and 468.
36
What is the highest common divisor of 2 and 6?
2
Calculate the highest common divisor of 16 and 6.
2
Calculate the highest common factor of 2871 and 232.
29
What is the greatest common factor of 112 and 48?
16
Calculate the highest common factor of 14089 and 73.
73
Calculate the greatest common factor of 589 and 19.
19
What is the greatest common divisor of 150 and 216?
6
Calculate the greatest common divisor of 1 and 43.
1
Calculate the greatest common divisor of 144 and 1800.
72
What is the greatest common divisor of 4000 and 1900?
100
Calculate the greatest common factor of 1148 and 28.
28
Calculate the greatest common factor of 103 and 3708.
103
What is the greatest common factor of 1130 and 10?
10
What is the highest common divisor of 24 and 15?
3
Calculate the greatest common factor of 15547 and 14.
7
What is the highest common factor of 10555 and 5?
5
What is the greatest common divisor of 1488 and 1240?
248
What is the greatest common divisor of 6798 and 22?
22
Calculate the greatest common factor of 38 and 190.
38
Calculate the greatest common factor of 715 and 1144.
143
What is the highest common factor of 180 and 300?
60
Calculate the highest common divisor of 3808 and 112.
112
What is the highest common factor of 1416 and 48?
24
Calculate the highest common factor of 13 and 5733.
13
What is the greatest common factor of 1421 and 116?
29
Calculate the highest common factor of 1106 and 42.
14
Calculate the greatest common divisor of 11 and 759.
11
Calculate the highest common factor of 27 and 729.
27
Calculate the highest common divisor of 8 and 552.
8
Calculate the greatest common factor of 183 and 1891.
61
Calculate the highest common factor of 28 and 12.
4
Calculate the highest common factor of 32 and 24.
8
Calculate the highest common divisor of 18 and 27.
9
What is the greatest common factor of 546 and 17017?
91
Calculate the greatest common divisor of 60 and 1500.
60
What is the highest common divisor of 74 and 999?
37
What is the greatest common factor of 13 and 52?
13
Calculate the greatest common factor of 13397 and 1.
1
Calculate the greatest common factor of 104 and 611.
13
What is the highest common divisor of 36 and 30?
6
Calculate the highest common divisor of 361 and 19.
19
What is the highest common factor of 38622 and 246?
246
What is the greatest common factor of 1048 and 40?
8
Calculate the highest common factor of 234 and 8658.
234
What is the greatest common factor of 11 and 76?
1
What is the highest common divisor of 440 and 30?
10
What is the highest common divisor of 290 and 20?
10
What is the greatest common divisor of 105 and 3420?
15
What is the highest common factor of 1626 and 12?
6
Calculate the greatest common factor of 15 and 12.
3
Calculate the greatest common factor of 8474 and 38.
38
What is the highest common factor of 57 and 5339?
19
Calculate the greatest common divisor of 2 and 2.
2
What is the greatest common factor of 6135 and 15?
15
Calculate the greatest common divisor of 604 and 9211.
151
Calculate the highest common divisor of 108 and 918.
54
Calculate the highest common factor of 234 and 14274.
234
What is the highest common divisor of 1030 and 1236?
206
Calculate the greatest common divisor of 930 and 10.
10
What is the greatest common divisor of 56266 and 14?
14
What is the highest common divisor of 162 and 16?
2
What is the highest common divisor of 120 and 855?
15
What is the highest common factor of 40 and 2060?
20
What is the greatest common factor of 94 and 9118?
94
What is the greatest common factor of 44 and 154?
22
Calculate the greatest common factor of 2107 and 98.
49
What is the greatest common divisor of 14 and 322?
14
What is the highest common divisor of 1030 and 10?
10
What is the highest common factor of 4830 and 140?
70
What is the greatest common factor of 64 and 12544?
64
Calculate the greatest common divisor of 5217 and 111.
111
Calculate the highest common factor of 290 and 20.
10
What is the highest common divisor of 770 and 190?
10
Calculate the greatest common divisor of 1610 and 245.
35
What is the greatest common factor of 270 and 10?
10
Calculate the greatest common factor of 3810 and 127.
127
Calculate the greatest common factor of 100 and 8350.
50
Calculate the highest common divisor of 120 and 3320.
40
What is the greatest common divisor of 247 and 13?
13
What is the greatest common divisor of 544 and 224?
32
What is the highest common factor of 360 and 6?
6
Calculate the greatest common divisor of 68 and 238.
34
Calculate the greatest common divisor of 93 and 589.
31
Calculate the greatest common factor of 365 and 219.
73
What is the highest common divisor of 580 and 1305?
145
What is the greatest common divisor of 77 and 3663?
11
What is the highest common divisor of 56 and 1176?
56
Calculate the highest common divisor of 162 and 54.
54
What is the highest common factor of 36 and 228?
12
What is the greatest common factor of 320 and 4060?
20
What is the greatest common divisor of 120 and 5820?
60
Calculate the greatest common factor of 399 and 21261.
57
Calculate the greatest common factor of 42 and 24.
6
What is the highest common factor of 84 and 1701?
21
What is the highest common factor of 42 and 36960?
42
What is the greatest common divisor of 48 and 25616?
16
What is the greatest common divisor of 12 and 132?
12
Calculate the highest common divisor of 3180 and 24.
12
Calculate the greatest common factor of 4080 and 3840.
240
Calculate the highest common divisor of 522 and 36.
18
Calculate the greatest common factor of 3570 and 102.
102
Calculate the highest common factor of 98 and 1127.
49
What is the highest common factor of 882 and 126?
126
Calculate the highest common factor of 20 and 160.
20
What is the greatest common divisor of 1003 and 177?
59
What is the greatest common divisor of 117 and 279?
9
Calculate the highest common divisor of 124 and 4.
4
Calculate the highest common divisor of 114 and 12882.
114
What is the greatest common factor of 6167 and 7?
7
Calculate the greatest common divisor of 3670 and 20.
10
Calculate the highest common factor of 231 and 33.
33
What is the greatest common factor of 1139 and 17?
17
Calculate the highest common factor of 101 and 1.
1
What is the highest common divisor of 1032 and 6450?
258
What is the greatest common divisor of 10 and 106510?
10
Calculate the greatest common divisor of 30 and 95.
5
What is the greatest common divisor of 32 and 904?
8
Calculate the greatest common factor of 3686 and 1746.
194
Calculate the highest common factor of 16837 and 298.
149
Calculate the greatest common factor of 22 and 143.
11
Calculate the highest common factor of 1530 and 51.
51
What is the greatest common divisor of 117 and 52?
13
Calculate the highest common divisor of 17 and 1190.
17
What is the greatest common divisor of 2279 and 129?
43
Calculate the highest common factor of 45 and 1635.
15
What is the greatest common divisor of 106 and 1219?
53
Calculate the highest common factor of 33 and 220.
11
What is the highest common divisor of 95 and 2299?
19
Calculate the greatest common divisor of 16 and 92.
4
What is the highest common divisor of 1767 and 171?
57
What is the highest common divisor of 44 and 1892?
44
Calculate the greatest common divisor of 168 and 574.
14
What is the greatest common divisor of 75 and 150?
75
Calculate the highest common factor of 708 and 13629.
177
Calculate the highest common divisor of 156 and 3756.
12
Calculate the highest common factor of 20 and 1300.
20
What is the greatest common factor of 2926 and 143?
11
Calculate the greatest common factor of 1 and 11.
1
What is the greatest common factor of 180 and 60?
60
What is the greatest common divisor of 370 and 30?
10
What is the greatest common divisor of 15 and 5055?
15
What is the gre